he prime factors of j/(9/(-3))*2?
2
Suppose 94 = 6*b - 1094. List the prime factors of b.
2, 3, 11
Suppose 2*y - 348 = -2*m, -3*y - 15 = 2*y. What are the prime factors of m?
3, 59
Let a(h) = 7*h**3 + h**2 + h. Let x be a(-1). Let j = -7 - x. Suppose -3*b + i + 32 = j, 0*i + 48 = 5*b + i. List the prime factors of b.
2, 5
Let j(w) = -w + 14. Let o be j(6). Let z = -3 + o. What are the prime factors of z?
5
Let a be (-348)/9 + 2/3. Let v = -27 - a. What are the prime factors of v?
11
Let o = 62 + -43. List the prime factors of o.
19
Let x be (7/14)/((-1)/(-204)). Let s = x + -59. What are the prime factors of s?
43
Let s = 4 + -1. Suppose 3*c - 21 = s*a - 0, -26 = -4*c + 5*a. What are the prime factors of c?
3
Let q be -2 + 2 + -2 + 10. Suppose -z - 3*n + q*n + 3 = 0, -3*z + 47 = 4*n. List the prime factors of z.
13
Let c = 106 + -58. List the prime factors of c.
2, 3
Let c = 1 + 8. List the prime factors of c.
3
Let m = -11 + 15. Suppose m*n - 1 = 5*n. Let i(r) = 17*r**2. List the prime factors of i(n).
17
Suppose 0 = 4*l - 15 - 5. Suppose l*y + 85 = 265. What are the prime factors of y?
2, 3
Let q(t) = -16*t**3 + t. Let h be q(-1). Suppose 3*g = -h + 69. Suppose -5*d = -6*r + 4*r + 2, 4*r = 3*d + g. List the prime factors of r.
2, 3
Let g(z) = z**3 + 10*z**2 + 8*z - 2. Suppose 0 = 7*c - 3*c + 36. List the prime factors of g(c).
7
Let t be (-4)/(-18) + (-34)/(-9). Suppose -5*l = -66 - t. What are the prime factors of l?
2, 7
Suppose 0 = -5*d - 5*d + 1340. List the prime factors of d.
2, 67
Suppose -s = 3*h - 41, s - h = 2*s - 33. What are the prime factors of s?
29
Let i be 6/2 - 4/2. Suppose 2*d - 6 = -2*x, -d = 4 + i. Suppose -5*l = 4*h - 6, 3*h - 2 = -l + x. What are the prime factors of h?
2
Let j(q) = 16*q**3 - q**2 - q + 1. Let w(p) = p + 6. Let o be w(-5). List the prime factors of j(o).
3, 5
Let h be 4/(-3)*(-315)/10. Let u = -18 + h. What are the prime factors of u?
2, 3
Let i(c) be the third derivative of c**6/120 - c**4/6 + c**3/2 + 4*c**2. Let f be i(2). List the prime factors of (0 - -4)/(f/12).
2
Let b be (-2)/(-5)*(-4 - -9). Suppose -b*d - 22 = -4*d. What are the prime factors of d?
11
Let k(r) = -r - 3. Let l = -10 + 6. Let a be k(l). Suppose -20 = -4*j, w - 2*j = a + 1. What are the prime factors of w?
2, 3
Let k = 8 - -7. What are the prime factors of k?
3, 5
Let t = -7 - -12. Suppose t*u - 3 = 2*u. Let c(h) = 13*h**2 - h. List the prime factors of c(u).
2, 3
Let a(y) = 19*y**2 - y + 2. What are the prime factors of a(1)?
2, 5
Let n = 7 - 25. List the prime factors of n/81 - 83/(-9).
3
Suppose q - 144 = -2*w + 46, -4*q = 16. What are the prime factors of w?
97
Let a(v) = v**3 + 4*v**2 - 7*v - 5. Let x be a(-5). Suppose 2*f - x*g + 16 = -0*g, 2*f = -g + 8. List the prime factors of f.
2
Let y(u) = -u**2 + 10*u - 8. Let n be -21*(3 - 14/3). Suppose -5*s + 0*s + n = 0. What are the prime factors of y(s)?
13
Let t(h) = -9*h + 2. Let o be t(2). Let r(a) = 23*a + 3. Let y be r(1). Let l = o + y. What are the prime factors of l?
2, 5
Let g = 21 + -1. What are the prime factors of g?
2, 5
Let f(d) = -d**2 - 7*d. Let r be f(-6). Let v be 2 + (15/(-5) - -1). Suppose v = h - 8 - r. List the prime factors of h.
2, 7
What are the prime factors of (-2)/4 - 154/(-4)?
2, 19
Let d be 16/(-4) + 6 - 1. Let k be (-3 + 0)*(-1 + 0). Let i = k + d. List the prime factors of i.
2
Let s(f) = -f. Let k(u) = u**3 - 3*u**2 + 6*u + 1. Let c(h) = k(h) + 6*s(h). Let y be c(2). List the prime factors of ((-1)/y)/(1/9).
3
Let w = 143 + -61. What are the prime factors of w?
2, 41
Let z be (3/(-3))/(2/4). Let c(y) = -12*y - 1. What are the prime factors of c(z)?
23
Let h(k) be the first derivative of 2*k + 1 - 3/2*k**2 + 1/3*k**3. What are the prime factors of h(5)?
2, 3
Suppose -4*k + 60 = -176. List the prime factors of k.
59
Let r be ((-20)/15)/(-4)*3. Let v(b) = 14*b**2 - b + 0*b - 1 + 2. List the prime factors of v(r).
2, 7
Let t(q) = q**3 - 11*q**2 + 15*q - 16. What are the prime factors of t(10)?
2, 17
Let h(i) = i - 4. Let r be h(11). Let z = -3 - -3. Let d = z + r. List the prime factors of d.
7
Let x = -198 - -343. What are the prime factors of x?
5, 29
What are the prime factors of 427 - (1 - (8 - 5))?
3, 11, 13
Let b = 84 - 3. List the prime factors of b.
3
Suppose -4*v = -p + 4, 1 = -4*p + 2*p - v. Suppose p = 5*w - 49 + 9. What are the prime factors of w?
2
Let t = -6 - -10. What are the prime factors of ((-14)/t - -3)*-4?
2
Let t be 1/6 - (-23)/6. Suppose -c = t*c. List the prime factors of (0 - 0) + c - -2.
2
Suppose 0 = 2*l - 2 - 10. Suppose l + 4 = 5*q. List the prime factors of q.
2
Let l = -42 + 84. List the prime factors of l.
2, 3, 7
Suppose 2*m - 398 = 4*d, -m + 547 - 48 = -5*d. Let t be (d/6)/((-4)/6). List the prime factors of t/4 + 2/(-8).
2, 3
Let n = 13 + -9. Suppose 3 = -x - 2*h, n*x - 2*h = -5*h + 8. What are the prime factors of x?
5
Let p = 3 - -7. Suppose -i = i - p. Let q(o) = 2*o - 2. What are the prime factors of q(i)?
2
Let x(b) = -b**3 - 4*b**2 + 7*b + 6. Let r be x(-6). Suppose r = 4*l - 0. What are the prime factors of l?
3
Let y = -6 + 0. Let h be (1/((-2)/y))/1. Suppose h*v - 14 - 19 = 0. List the prime factors of v.
11
Suppose 3*j = -0*j - 2*b + 17, -4*j + 19 = -b. Suppose -z - z = 3*k - j, -z + 9 = -5*k. What are the prime factors of z?
2
Let m(l) = 18 + 2*l - 17 + 6*l. List the prime factors of m(4).
3, 11
Let f = -6 + 4. Let o be 24/(-3) + 1 + f. Let x = o - -20. List the prime factors of x.
11
Suppose -7*s + 2*s = -10. What are the prime factors of s/3 + (-268)/(-12)?
23
Suppose -2*t = -2, -2*m + t = -1 - 0. What are the prime factors of 3/(-2)*(-2)/m?
3
Let x = 54 + -24. What are the prime factors of x?
2, 3, 5
Let j(n) = 30*n + 28. What are the prime factors of j(4)?
2, 37
List the prime factors of ((5 - 2) + -15)*-8.
2, 3
Let j(y) = y + 4. Let b be j(-2). Let r(a) = -2*a - a**3 + 3*a**2 + 3*a - 2*a**3 - 4*a**b. List the prime factors of r(-2).
2, 3
Let b = -8 - -28. List the prime factors of (b/30)/(2/81).
3
Let f(o) be the second derivative of -o**6/120 + 5*o**3/6 + o**2 + o. Let b(h) be the first derivative of f(h). What are the prime factors of b(0)?
5
Suppose -2*n = -7*n + 665. Suppose 5*z + 40 = -2*m + 111, 4*m - n = -z. List the prime factors of m.
3, 11
Let h = -97 + 225. List the prime factors of h.
2
Suppose -2*n - n + 7 = -y, 4*y = n + 5. Let d(t) = 9*t - 1. What are the prime factors of d(y)?
17
What are the prime factors of 2 + (-194*2)/(-4)?
3, 11
What are the prime factors of (-7)/(-42) - 454/(-12)?
2, 19
Suppose -6*v = -v - 95. List the prime factors of v.
19
Let d(y) = -y - 7. Let o be d(-8). Let s(w) = 4 - 5*w**2 + 3 + 6*w - w**3 + o. What are the prime factors of s(-6)?
2
Let v(w) = -w + 31. Let x be v(13). Suppose x = -3*s + 42. What are the prime factors of s?
2
Suppose -5*v - 3*z + 52 = 0, -v + 0*v = 3*z - 8. Let n = -9 + v. What are the prime factors of n?
2
Let p = 5 + -2. Suppose -p*v - 10 = -v. Let x = 9 + v. What are the prime factors of x?
2
Let p be 1/((3/(-6))/(-1)). Suppose c + 4*r = p, 4*c = 3*r + r + 28. Suppose -2*n + 0*n + c = 0. What are the prime factors of n?
3
Let l = 830 - 554. List the prime factors of l.
2, 3, 23
Suppose -2*w - w = -9. Suppose 19 = w*n + 7. List the prime factors of n.
2
What are the prime factors of 554/10 + 2/(-5)?
5, 11
Let y(j) = 4*j + 8. List the prime factors of y(4).
2, 3
Let v(j) = -5*j + 12. Let s(c) = 4*c - 11. Let z(n) = -6*s(n) - 5*v(n). Let y be z(-7). Let i = y - -8. List the prime factors of i.
7
Let t(y) = 9*y - 6. List the prime factors of t(2).
2, 3
Suppose -5*y + 308 = 2*u + 103, 5*y + 3*u - 200 = 0. What are the prime factors of y?
43
Let i be ((-30)/(-9))/((-2)/6). Let v = 20 + i. List the prime factors of v.
2, 5
Suppose -3*i = -8*i + 300. Suppose -6*o + i = -o. List the prime factors of o.
2, 3
List the prime factors of 27/(-12)*(-8)/6.
3
Let l be (3/(-9))/(1/(-102)). Suppose -2*j + 34 = -l. Suppose 2*o - w - j = 0, -3*o + 5*o - 30 = 3*w. List the prime factors of o.
2, 3
Suppose -6*j + j - 5*v = -210, 3*v = -9. Let q = -5 + 8. Suppose -12 = -5*o + o, -4*s = q*o - j. What are the prime factors of s?
3
Suppose 2*c + 35 - 259 = 0. Suppose 0 = 5*j - 7*j - 8, -4*q + c = -4*j. What are the prime factors of q?
2, 3
Let p(f) = f**2 +